 0. What is h(w)?
14
Let f(m) = m**2 - 10*m - 165. Let p be (19 - 0) + (7*1 - (-120 + 128)). Give f(p).
-21
Let s(i) = 3*i + 60. Let u(y) = -22*y**2 - 84*y - 2. Let a be u(-4). Give s(a).
6
Let h(f) = 509*f + 1524. Let n be h(-3). Let a(d) = -4*d + 6. Give a(n).
18
Let y(k) = 2*k**2 + 9*k - 11. Suppose 50*b - 52 = 55*b - 2*u, 3*u = b + 13. Calculate y(b).
99
Let b(r) = 3*r - 20. Let w(k) = -2*k - 1. Let a(y) = b(y) + 2*w(y). Let u be (-56)/700 - 373/25. Give a(u).
-7
Let c(p) = -p**2 + 6*p. Suppose q = 4*y - 43, 0*y - 105 = 5*q + 2*y. Let m = q - -26. Suppose -28 = -m*n - n. Determine c(n).
-7
Let h = 704 - 185. Let w = 520 - h. Let q(b) = 24*b**3 - b**2 + 1. Calculate q(w).
24
Let z(q) = 2*q - 34. Let w be z(17). Suppose w = 7*y + 8 + 6. Let a(m) = -m**2 - 2. What is a(y)?
-6
Suppose -13 = -4*t + p, 5*t - 4*p = 20 + 10. Suppose -t*r - 1 = 3. Let h be (r/(-6))/(4/(-24)). Let f(b) = b**3 + 3*b**2 - 1. Give f(h).
3
Let u(s) = -772*s - 4 - 4 - 762*s + 1539*s. What is u(3)?
7
Suppose -867 = k - 404. Let d = 462 + k. Let s(x) = -8*x**3 + x**2. Calculate s(d).
9
Let n = -677/5 + 2032/15. Let k(c) be the third derivative of 0 - n*c**5 + 1/120*c**6 + 1/6*c**3 + 0*c + 1/8*c**4 + 9*c**2. Calculate k(3).
1
Let x(u) = -49*u - 49*u + 44*u - 2 + 50*u - 5. Determine x(-8).
25
Let o(f) = -f + 28. Let y(j) = -j**2 - 9*j + 13. Let k be y(0). Give o(k).
15
Let v(g) = g**2 - 15*g + 27. Let f be v(12). Let j = 25 + f. Let o be (-30)/(-50) - j/10. Let d(c) = -c**3 + c**2. Give d(o).
2
Let c(u) = 2*u**3 - 28*u**2 - 3*u + 11. Let d be c(14). Let t(b) = 4*b + 128. Give t(d).
4
Let x(w) = -12*w**2 + 2*w - 1. Suppose 3*d - 5 - 43 = -3*t, -4*d - 24 = -4*t. Suppose -2*j - 3*a + 17 = 0, -t*a = -5*j - 14*a + 20. Determine x(j).
-11
Let z be (-6 - -6)/(1 + 1). Let w(a) = -3 + 14*a**2 - 8*a**2 + 1 - 7*a**2 + z*a**2. Give w(0).
-2
Let k(d) be the third derivative of d**5/60 - 5*d**4/24 + d**3/3 + 1278*d**2 - 2*d + 3. Let a = 14 + -10. What is k(a)?
-2
Let d(z) be the third derivative of -z**5/60 - z**4/24 - z**3/6 + 7308*z**2. Suppose -5*w = 4*b - 20, 5*w + 11 = 2*b + 1. Suppose -5*t + b = 25. Give d(t).
-13
Suppose 2*b - 11 - 1 = 0. Suppose k + b = 3*k. Let p(n) = -k*n**2 - 2*n**3 - 6*n**3 + 12*n**3 - 5*n**3. Calculate p(-3).
0
Let l(x) = 18*x**2 + 25*x + 14. Let o be 6/(0 + (-18)/12). Let f(m) = 6*m**2 + 9*m + 5. Let c(z) = o*l(z) + 11*f(z). Calculate c(-1).
-6
Let j be (-1 + -4)/(-1) + -7. Let s(a) = -2*a**2 + 3*a + 5. Determine s(j).
-9
Let b = 0 + 0. Let x(a) be the third derivative of a**5/60 - a**4/12 + a**3/3 + a**2 + 1051. Give x(b).
2
Let j(f) = 3*f - 115. Let a(c) = 4*c**3 - 2*c**2 + 14*c - 15. Let n be a(2). What is j(n)?
-4
Let u(y) = -7*y**2 + y - 2. Let z be u(1). Let d(q) be the first derivative of 5*q + 10 + 3*q - 19*q + 13 - q**2. Determine d(z).
5
Let q be ((-360)/288)/(-1 + (-38)/8 + 2). Let p(m) be the first derivative of q*m**3 - 5*m**2 - 7*m - 30. Determine p(9).
-16
Let y be (-134)/(-26) + 204/26 + -8. Let z(s) = -s + 9 + 5 - y*s + s + 4*s. Give z(7).
7
Let l = 3200 - 3208. Let s(k) = -9*k - 84. What is s(l)?
-12
Let w be (-80)/140 - -1*(-4)/(-7). Let b be ((-30)/25)/(15/(-50) + w). Let m(r) = -r**3 + 3*r**2 + 4*r + 2. What is m(b)?
2
Let q(p) = 354*p - 1410*p + 361*p + 358*p + 339*p - p**2 + 5. Suppose -2*o + 15 = s, -5*s + 2*s + 5 = -2*o. Calculate q(s).
-10
Let n(a) be the first derivative of 74 - a + 1/3*a**3 - 5/2*a**2. Calculate n(7).
13
Let t = -486 + 493. Let h(w) = 10 + 2*w + 8*w**2 - t*w**2 - 2*w. Calculate h(0).
10
Suppose -146 = 163*u + 37*u + 1654. Let h(s) = 15*s + 139. Give h(u).
4
Suppose 10*l - 72 = 2*a, 22 - 16 = -l - 2*a. Let r(j) = j**3 - 5*j**2 - 5*j - 8. Give r(l).
-2
Let s be (11 - (-164)/(-14))/((-24)/28). Let w(l) be the third derivative of 0*l - 7*l**2 + 1/4*l**4 + 1/120*l**6 + 0 - s*l**3 - 1/15*l**5. What is w(4)?
19
Let f(j) = -42*j - 348. Let c(k) = -10*k - 82. Let a(h) = 17*c(h) - 4*f(h). Suppose 2*w - w = 5. Determine a(w).
-12
Let h be (8/(-6))/((-7)/(-21)). Let m(s) be the second derivative of s**3/2 - 2*s**2 - 13*s - 1. Calculate m(h).
-16
Let a(p) = 12*p + 51. Let k(g) = 2*g - 1. Let o(c) = -a(c) + 4*k(c). Calculate o(-13).
-3
Let w(i) = -i - 4. Let z(c) = -c**3 + 3*c**2 - c. Let m be z(2). Let k = 113 + -104. Suppose m*u = 1 + k. Determine w(u).
-9
Let q(a) = -4*a. Let m(f) = 3*f - 1. Let x = -216 - -220. Let p(j) = x*q(j) + 5*m(j). Give p(-8).
3
Let l(j) be the second derivative of j**5/20 - 5*j**4/12 - 3*j**2/2 + 5*j - 14. Let z be 30/(-7)*(-28)/6. Let q be (-5)/(z/(-28)) + -3. Calculate l(q).
-19
Let m(j) = 2*j**2 - 9*j - 18. Let i(y) = y + 4. Let r be 16*9/36*1/1. Let a(k) = r*i(k) + m(k). Give a(4).
10
Let a(o) = o**3 + 50*o**2 - 4*o + 37. Let j be a(-50). Suppose -248*d + 22 = -j*d. Let z(g) be the third derivative of -g**5/60 + g**4/6 - g**2. What is z(d)?
4
Suppose 132 - 125 = 3*m - v, -4*v = 2*m. Let r(a) be the first derivative of -15 - a**m - a + 7/3*a**3. Calculate r(-1).
8
Let o(w) = -2*w**2 - w**2 + 10*w + 7 - 3*w + 2*w**2. Let r be o(8). Let b(h) = -15*h - 6. Let c(n) = 44*n + 17. Let q(k) = -17*b(k) - 6*c(k). Give q(r).
9
Let l(t) be the second derivative of -6*t + t**2 + 1 + t**3 + 1/12*t**4. Calculate l(-4).
-6
Let j(h) = -7*h - 163. Let o(n) = 4*n + 91. Let k(w) = 5*j(w) + 9*o(w). Calculate k(6).
10
Suppose -19*o + 30 = -14*o. Let w(q) be the second derivative of -5/2*q**2 + 0 - 4*q + 1/6*q**3. What is w(o)?
1
Let c(r) = r**2 - 20*r + 65. Let n(w) = -251*w + 9554. Let h be n(38). Give c(h).
1
Suppose -3*b + 15 = -4*s, 2*s - 147 = 3*b - 156. Let y(v) = -5*v**3 - 5*v**2 + 3*v + 2. Give y(b).
-5
Let j(m) = 5*m**2 + 45*m + 7. Suppose 3*p - 355 = 2*u - 380, p + 7 = 2*u. Give j(p).
7
Suppose 0*w = -5*w + 55. Let f(r) = -1. Let u(i) = -i**2 + 9*i + 18. Let a(g) = 4*f(g) - u(g). Let t be a(w). Let b(s) = -s + 9. Calculate b(t).
9
Let h(u) = -4*u**3 - 4*u**2 - 4*u**2 + 3*u**3 - 8*u. Let r be (((-294)/(-6))/(-7))/1. Determine h(r).
7
Let c(r) be the third derivative of -r**6/120 + r**5/15 + 2*r**4/3 - 7*r**3/3 - r**2 - 32*r + 5. Determine c(6).
10
Suppose -3 = 3*i, 18*k = 23*k + i - 204. Suppose -5 = 42*y - k*y. Let n(d) = d**3 + 5*d**2 - 5*d - 8. Determine n(y).
17
Let z(l) = -l**3 + 10*l**2 + 12*l + 1. Let w = 792 - 788. Suppose 53 = 3*b - y - 3*y, w*b - 3*y = 59. What is z(b)?
12
Let s be 4/17*2057/242. Let x(o) be the third derivative of 1/30*o**5 + 0 - 2*o**s - 5/6*o**3 + 0*o - 1/6*o**4. Calculate x(4).
11
Let k(n) = -3*n**2 + 30*n - 13. Let o be (-2)/((-22)/(-44)*(-68)/(-5) + -7). Determine k(o).
-13
Suppose -5*a = 2*d - 151 + 54, 3*d - 177 = 3*a. Let x = 103 + -103. Suppose -2*h + 9*h + d = x. Let z(f) = -f**2 - 8*f + 1. Determine z(h).
1
Let o(v) = 26*v**3 - 4*v**2 - 2*v + 25. Let i(f) = -18*f**3 + 4*f**2 + 3*f - 21. Let p(s) = 3*i(s) + 2*o(s). Determine p(5).
-138
Let d(y) = 16*y**2 + 2*y + 1. Let u(l) be the third derivative of 17*l**5/30 + 5*l**4/24 + l**3/3 + l**2 - 16*l. Let z(m) = -9*d(m) + 4*u(m). Determine z(1).
-7
Let p(h) = 4*h**2 - 1. Let u be (-755)/(-302)*8/10. Determine p(u).
15
Let z(q) = -2*q + 4. Suppose 0 = -6*t - 57 + 21. Give z(t).
16
Let n(v) = -v**2 + v + 92. Suppose -4*c - 8 = 0, 45*w = 44*w + 3*c - 3. Give n(w).
2
Let d(i) = -2*i**3 + 3*i**2 - 2*i - 1. Let u(z) = -13*z**3 + 12*z**2 - 10*z + 2. Let o(v) = -6*d(v) + u(v). Calculate o(-5).
-27
Let l(o) = -3*o + 3. Let t be (1 - 193)*(45/2)/15. Let v = t - -290. What is l(v)?
-3
Let x(b) be the second derivative of 7*b**4/12 - 11*b**3/6 + 9*b**2/2 - 9*b + 10. Give x(4).
77
Let n = 3536 - 3565. Let t(r) = r**2 + 28*r - 29. Calculate t(n).
0
Let h(o) = -10*o - 3. Let w(l) = 22*l**3 + 2*l**2 - 11*l - 12. Let c be w(-1). Let t be (2/7)/(3/c). What is h(t)?
17
Let k(h) = h - 25. Let f(r) = 6*r - 25. Let u(d) = d**3 - 15*d**2 + 26*d + 6. Let o be u(13). Let c be f(o). Determine k(c).
-14
Let s(w) = -2015*w - 3434*w**2 + 3437*w**2 + 2 + 1994*w. Let g = 14 - 7. Give s(g).
2
Let o = 84 - 83. Suppose 0 = -g + 9*t - 4*t + 54, -t = o. Let v(w) = g - 110 - 3*w + 49. Calculate v(-8).
12
Suppose -d + 130 - 127 = 0, 2*j = 2*d + 2. Let g(i) be the third derivative of 7*i**2 + 0 + 0*i + 1/6*i**3 - 1/24*i**j. Calculate g(2).
-1
Let j(n) = -2*n**2 + 3*n - 3. Let p be 156/4*(-4)/(-3). Suppose -7*g - 6*g + p = 0. What is j(g)?
-23
Let l(f) = -2*f +